y g?
4
Let h = 25 - 20. Suppose 2*s - 2*q = -6, 3*q - 34 = -5*s - 9. Suppose -3*n = 6, -36 = x - 6*x - s*n. Calculate the remainder when x is divided by h.
3
Suppose t + 240 = 6*t. Let w = 71 - t. Let g = w + -4. Calculate the remainder when g is divided by 10.
9
Let k(y) = -11*y**2 - 11. Let b(w) = 7*w**2 + 7. Let v(u) = 8*b(u) + 5*k(u). What is the remainder when 1 is divided by v(0)?
0
Suppose 0 = s - 6*s + 140. Let t = 41 - -4. Suppose -3*r - t = -6*r. Calculate the remainder when s is divided by r.
13
Suppose -3*p + 3*o + 135 = -0*o, -5*o = 4*p - 162. What is the remainder when p is divided by 11?
10
Let o(x) = -x**3 + x**2. Let n be o(0). Suppose 5*p = -n*p + 105. Calculate the remainder when p is divided by 12.
9
Let o be (-44)/(-10) - (-2)/(-5). Let b(a) = a**2 - 3*a + 1. Let w be b(o). Suppose 11 = w*u - 169. What is the remainder when u is divided by 19?
17
Suppose -5*w + 34 = -51. Suppose 0 = 4*z + 2*m - 188, 3*z - 5*m - 50 = 117. What is the remainder when z is divided by w?
15
Suppose -5*i + 0*b - 53 = -2*b, i = 4*b - 7. Calculate the remainder when i/(-33) - (-182)/3 is divided by 21.
19
Suppose 0*b = 2*b - 46. What is the remainder when 43 is divided by b?
20
Let g(j) = j**3 - 6*j**2 + j - 2. Let q be g(6). Suppose -m + v + 7 = 0, -m = q*v + 1 + 2. Calculate the remainder when m is divided by 3.
2
Let z be (-1)/2*-2*2. Suppose 0 = 13*w - 8*w. Suppose w = -2*n + n + 4*f - 3, 2*n = -z*f + 24. Calculate the remainder when 25 is divided by n.
7
Suppose -4*m + 4 = 0, 0 = v - 2*m - 21 + 3. Let s(n) = n**3 + 4*n**2 - 7*n - 3. What is the remainder when v is divided by s(-5)?
6
Let v = -154 - -178. Let h(b) = 2*b + 1. Calculate the remainder when v is divided by h(6).
11
Suppose 2*a - 18 = 48. Let g = a - 22. Calculate the remainder when g is divided by 4.
3
Let o = 19 - -16. Suppose 2*i - 90 = -3*i. Calculate the remainder when o is divided by i.
17
Suppose -4*i + 10 = 2, -2*v = -i + 2. Suppose -7*t + 9*t - 34 = v. Calculate the remainder when 32 is divided by t.
15
Let w(y) = -2*y**3 - 12*y**2 + 4. Let p be w(-9). Suppose 4*b + b - p = 0. Calculate the remainder when b is divided by 25.
23
Let b(y) = -y**2 + 4*y + 2. Let s be b(4). Suppose -s*f + 27 = -29. Calculate the remainder when f is divided by 15.
13
Let p(r) = -r**3 + 6*r**2 - 3*r - 6. Let j be p(5). Calculate the remainder when (-64)/(-6) - j/6 is divided by 4.
2
Suppose 2*v + 3*p + 2*p = 31, -4*v = 4*p - 68. Suppose 0 = -4*f + f + 21. Calculate the remainder when v is divided by f.
4
Let a(v) = v**3 + 7*v**2 - 4*v - 12. Let r(u) = u**2 + 6*u + 6. Calculate the remainder when a(-7) is divided by r(-6).
4
Calculate the remainder when 94 is divided by (1/3)/((-3)/(-288)).
30
What is the remainder when ((-6)/(-2))/((-4)/(-20)) is divided by 8?
7
Let d(m) = -m**3 + m**2 - 2*m + 1. Let k be d(1). Calculate the remainder when 94 is divided by k*(0 - (24 + 0)).
22
Let f = 29 + -13. Suppose 0 = g - f + 5. What is the remainder when 42 is divided by g?
9
Let o(s) = 13*s + 1. Let f be o(-4). What is the remainder when 9 is divided by (-6)/(-10) - f/15?
1
Let c = 33 + -17. Let o = c + -13. Calculate the remainder when 11 is divided by o.
2
Let v(o) = -4*o - 10. What is the remainder when 251 is divided by v(-13)?
41
Suppose 0*z + 8 = z. Let u = -4 + 2. Let r = 1 - u. What is the remainder when z is divided by r?
2
What is the remainder when 103 is divided by (-6)/(-21) - (-486)/14?
33
Suppose 4*m - 38 = 66. Calculate the remainder when m is divided by 9.
8
Suppose -5*h + 20 = 0, 8*h - 4*h + 36 = 4*x. Let w = -37 - -73. What is the remainder when w is divided by x?
10
Let f(c) = -c**3 + c + 12. Let p be f(0). Suppose -p = -3*b + 12. Calculate the remainder when 1*(-1)/(-2)*44 is divided by b.
6
Let q = 58 - 29. Let t = -2 + 10. Let i = t + 2. Calculate the remainder when q is divided by i.
9
Let b = -18 - -23. Calculate the remainder when 7 is divided by b.
2
Let b = -26 - -27. Calculate the remainder when 2 is divided by b.
0
Let a = 12 + 33. Calculate the remainder when a is divided by 12.
9
Suppose 12 = 2*a - 0. Let r = a - 5. What is the remainder when 3 is divided by r?
0
Suppose w + w + 70 = 2*s, 4*w - 139 = -5*s. What is the remainder when s is divided by 17?
14
Let a = 32 + -25. What is the remainder when 10 is divided by a?
3
Suppose -3 = 2*v - 5, 121 = 4*t + 5*v. Calculate the remainder when t is divided by 4/((-2)/4 + 1).
5
Let o = 14 - 11. Suppose -2*d = o*d - 135. Calculate the remainder when d is divided by 15.
12
Let t(h) = -h**3 + 3*h**2 + 9*h - 2. Let g be t(6). Calculate the remainder when (g/10)/(3/(-15)) is divided by (30/(-8))/((-6)/16).
8
Let m = -72 - -113. What is the remainder when m is divided by 15?
11
Suppose 0 = 3*r - 9. Suppose a - 5*a - 7 = 5*x, -19 = r*x - 5*a. Let d = x + 23. What is the remainder when d is divided by 7?
6
Let u(l) = -l + 6. Let x be u(7). Let g = x + 17. What is the remainder when 47 is divided by g?
15
Let l = 29 + -26. What is the remainder when l is divided by 3?
0
Suppose -3*t + 3 = 5*n - 12, -12 = -4*n - 5*t. Suppose -n*w + 20 = -2*w. What is the remainder when w is divided by (-1 - -2) + 11 + -1?
9
Let b = -140 + 197. What is the remainder when b is divided by 20?
17
What is the remainder when -1*(2 + 0) + 33 is divided by (2 - (3 - 4)) + 13?
15
Let d = 284 - 181. What is the remainder when d is divided by 26?
25
Suppose -5 = -3*g + 13. Let c = g - 3. Calculate the remainder when 4 - 1/(-1 + 0) is divided by c.
2
Suppose -2*y + 69 = 21. Let h = y - 35. Calculate the remainder when 34 is divided by (-5 - h)*1*2.
10
Suppose -2*l = l. Suppose 2 = -5*a + u, l*a + 5*u + 13 = 2*a. What is the remainder when 21 is divided by (-33)/(-3) + (-1 - a)?
10
Suppose 2*o + 1 = 5. Suppose -j - o*t = -11, j - 5*t + 4 = 8. Calculate the remainder when 26 is divided by j.
8
Let f(z) = 6*z**3 - z**2 - z + 1. Let m be f(1). Suppose -m*a = -2 - 43. Calculate the remainder when a is divided by 5.
4
Let d(n) = -n + 2. Suppose 0 = 2*c + 5*v + 1, -3*v + 0*v + 9 = -2*c. What is the remainder when d(c) is divided by 3?
2
Let h be 4/14 + 194/7. Suppose -h = -3*f - f. Let b = -10 + 23. What is the remainder when b is divided by f?
6
Suppose -5*t + 1 + 24 = 0. Suppose -5*i - 6 + 26 = 0. Let q = t - i. What is the remainder when 1 is divided by q?
0
Let l = -216 - -320. Calculate the remainder when l is divided by 35.
34
Suppose -r + 2*o + 20 = 0, 3*r = o + 4*o + 55. Calculate the remainder when 27 is divided by r.
7
Let b = -52 + 77. What is the remainder when 96 is divided by b?
21
Suppose 6 = -3*i, -3*i = -0*s - s + 9. Let g be (0 - -2)*(-9)/2. Let z = 13 + g. Calculate the remainder when z is divided by s.
1
Let b = 3 + -6. Calculate the remainder when b/(-2) - 76/(-8) is divided by 4.
3
Let f = -5 + 8. Calculate the remainder when f is divided by 2.
1
Suppose 3 = 5*v - 7. Let w(i) = i**3 - 2*i**2 + i - 2. Let f be w(v). Suppose 14 = g - f*g. Calculate the remainder when g is divided by 8.
6
Suppose -5*n + 198 + 87 = 0. What is the remainder when n is divided by 12?
9
Let a be (2/(-8))/(1/(-4)). Let b(l) = 5*l + 1. Let g be b(a). Suppose -w - w + 3*m = -g, -2*m + 26 = 2*w. What is the remainder when w is divided by 5?
4
Suppose -18*p = -17*p + 31. Let t = 60 + p. What is the remainder when t is divided by 10?
9
What is the remainder when ((-6)/12)/(2/(-76)) is divided by 11?
8
Suppose -3*v = 5*j - 111, 9*j - 3*v = 4*j + 129. Calculate the remainder when j is divided by 13.
11
Suppose 0 = -3*d - 0 + 15. Suppose 3*w - 57 + 15 = 0. Calculate the remainder when w is divided by d.
4
Let x = -2 - 3. Let p(b) = -b**2 - 5*b + 7. Calculate the remainder when p(x) is divided by 0 - (-3*1)/1.
1
Let h be (-11)/22*0/1. Suppose h = -i - 5 + 18. Calculate the remainder when i is divided by 7.
6
Suppose -a + 2*c + 13 = 0, 6*a + 2*c - 2 = 2*a. Suppose a*m = -2*m + 65. Calculate the remainder when 37 is divided by m.
11
Let t(l) = -l**3 - l + 1. Let n be t(0). Let d = n - -6. What is the remainder when 19 is divided by d?
5
What is the remainder when 530/10 + -1 + (6 - 1) is divided by 5?
2
Let d(w) = w**3 - 21*w**2 + 18*w + 48. What is the remainder when 29 is divided by d(20)?
5
Let k = 19 + 179. Suppose -40 = 2*j - k. Suppose b - 33 = 5*t, -3*b + 3*t - j = -5*b. Calcula